 of 43077365?
6
What is the hundred millions digit of 6154458486?
1
What is the millions digit of 187152300?
7
What is the ten millions digit of 3677101016?
7
What is the billions digit of 1530845165?
1
What is the thousands digit of 89516438?
6
What is the hundreds digit of 331726963?
9
What is the ten thousands digit of 609173808?
7
What is the hundreds digit of 4312576?
5
What is the millions digit of 1686911441?
6
What is the thousands digit of 307315958?
5
What is the millions digit of 1091691186?
1
What is the tens digit of 2866745333?
3
What is the thousands digit of 237191070?
1
What is the tens digit of 268022701?
0
What is the ten millions digit of 706953935?
0
What is the hundred millions digit of 303443842?
3
What is the ten thousands digit of 1750368389?
6
What is the ten millions digit of 2948079918?
4
What is the tens digit of 553181063?
6
What is the billions digit of 2359553220?
2
What is the hundreds digit of 330404159?
1
What is the tens digit of 4412769344?
4
What is the thousands digit of 23238474?
8
What is the ten thousands digit of 84758977?
5
What is the ten millions digit of 499240756?
9
What is the ten millions digit of 56647817?
5
What is the hundred millions digit of 5210276460?
2
What is the tens digit of 369072763?
6
What is the tens digit of 79051663?
6
What is the hundred thousands digit of 73071696?
0
What is the hundred thousands digit of 2086777267?
7
What is the ten thousands digit of 1447543044?
4
What is the hundred thousands digit of 100484230?
4
What is the ten thousands digit of 7415425850?
2
What is the millions digit of 5975598772?
5
What is the hundreds digit of 1029593602?
6
What is the tens digit of 286281582?
8
What is the units digit of 6178989546?
6
What is the millions digit of 609399454?
9
What is the thousands digit of 268672154?
2
What is the tens digit of 1353497174?
7
What is the hundred thousands digit of 1334988571?
9
What is the ten thousands digit of 1185189054?
8
What is the tens digit of 80796548?
4
What is the thousands digit of 94766208?
6
What is the hundreds digit of 7082256470?
4
What is the ten millions digit of 658643201?
5
What is the tens digit of 169983547?
4
What is the thousands digit of 554887153?
7
What is the millions digit of 485442597?
5
What is the billions digit of 3520798877?
3
What is the ten thousands digit of 3746799303?
9
What is the hundreds digit of 56633912?
9
What is the ten thousands digit of 92169426?
6
What is the millions digit of 26274093?
6
What is the thousands digit of 7741063?
1
What is the hundred thousands digit of 351306277?
3
What is the hundred thousands digit of 7843998?
8
What is the millions digit of 326052471?
6
What is the units digit of 46367914?
4
What is the thousands digit of 3084864198?
4
What is the tens digit of 181363392?
9
What is the millions digit of 207485698?
7
What is the tens digit of 45665596?
9
What is the millions digit of 887580376?
7
What is the hundred thousands digit of 36364204?
3
What is the ten millions digit of 64171537?
6
What is the units digit of 1649820617?
7
What is the ten millions digit of 1682594674?
8
What is the hundred thousands digit of 886875043?
8
What is the thousands digit of 4858621179?
1
What is the ten thousands digit of 117498248?
9
What is the hundred thousands digit of 74515897?
5
What is the hundreds digit of 95329222?
2
What is the thousands digit of 43663242?
3
What is the ten millions digit of 479494414?
7
What is the ten thousands digit of 20204365?
0
What is the millions digit of 305438513?
5
What is the units digit of 86411509?
9
What is the units digit of 14345958?
8
What is the units digit of 85408397?
7
What is the millions digit of 150942760?
0
What is the ten thousands digit of 1023431050?
3
What is the hundred thousands digit of 56130233?
1
What is the units digit of 121266877?
7
What is the hundreds digit of 187464706?
7
What is the hundred millions digit of 1613607892?
6
What is the hundreds digit of 639353167?
1
What is the tens digit of 3102627406?
0
What is the units digit of 296144626?
6
What is the ten millions digit of 469231876?
6
What is the thousands digit of 672446664?
6
What is the ten thousands digit of 274186771?
8
What is the millions digit of 1800403268?
0
What is the ten millions digit of 467113973?
6
What is the units digit of 5897948?
8
What is the thousands digit of 85385009?
5
What is the tens digit of 64366033?
3
What is the units digit of 6016807?
7
What is the millions digit of 236401763?
6
What is the ten millions digit of 206119752?
0
What is the ten millions digit of 72584782?
7
What is the hundreds digit of 29078210?
2
What is the units digit of 71789627?
7
What is the thousands digit of 588192087?
2
What is the millions digit of 1693138432?
3
What is the hundred millions digit of 3495037338?
4
What is the hundreds digit of 621176837?
8
What is the hundred thousands digit of 1630269007?
2
What is the thousands digit of 408296677?
6
What is the hundred thousands digit of 230485894?
4
What is the units digit of 591107042?
2
What is the tens digit of 114927814?
1
What is the units digit of 143245056?
6
What is the units digit of 2058047092?
2
What is the thousands digit of 22939461?
9
What is the units digit of 308194470?
0
What is the tens digit of 103309704?
0
What is the millions digit of 330658172?
0
What is the hundreds digit of 2665835163?
1
What is the thousands digit of 30233612?
3
What is the ten thousands digit of 873623630?
2
What is the thousands digit of 4595990044?
0
What is the ten thousands digit of 104576295?
7
What is the hundred thousands digit of 76254306?
2
What is the hundreds digit of 51671643?
6
What is the hundreds digit of 60498031?
0
What is the tens digit of 7336716181?
8
What is the units digit of 1415286123?
3
What is the millions digit of 372478393?
2
What is the ten millions digit of 787378371?
8
What is the hundreds digit of 256836462?
4
What is the thousands digit of 571579969?
9
What is the ten thousands digit of 843877505?
7
What is the thousands digit of 73001055?
1
What is the tens digit of 3417082249?
4
What is the hundred thousands digit of 1695991313?
9
What is the hundred thousands digit of 1858638545?
6
What is the tens digit of 22428678?
7
What is the millions digit of 49765232?
9
What is the ten millions digit of 21005011?
2
What is the tens digit of 5449392306?
0
What is the hundred thousands digit of 2205708376?
7
What is the millions digit of 17523745?
7
What is the thousands digit of 4931429929?
9
What is the hundreds digit of 39033611?
6
What is the tens digit of 167427213?
1
What is the ten thousands digit of 1332649289?
4
What is the thousands digit of 119844019?
4
What is the units digit of 2329673487?
7
What is the thousands digit of 26799862?
9
What is the millions digit of 361740591?
1
What is the ten thousands digit of 69557462?
5
What is the ten thousands digit of 298050217?
5
What is the thousands digit of 307889104?
9
What is the millions digit of 33424508?
3
What is the thousands digit of 950069847?
9
What is the units digit of 2847071697?
7
What is the hundreds digit of 20488414?
4
What is the ten thousands digit of 553631539?
3
What is the thousands digit of 331343181?
3
What is the hundred thousands digit of 16502796?
5
What is the ten thousands digit of 7401500?
0
What is the millions digit of 17701219?
7
What is the ten millions digit of 19632867?
1
What is the units digit of 55299883?
3
What is the hundred millions digit of 634265523?
6
What is the millions digit of 2395213979?
5
What is the units digit of 19781514?
4
What is the ten millions digit of 174544319?
7
What is the thousands digit of 41835745?
5
What is the millions digit of 9061682758?
1
What is the ten thousands digit of 1205106646?
0
What is the billions digit of 1009721260?
1
What is the units digit of 109704143?
3
What is the hundred millions digit of 133277487?
1
What is the hundreds digit of 2986131?
1
What is the millions digit of 12787553?
2
What is the hundred millions digit of 1367982301?
3
What is the hundred thousands digit of 104087420?
0
What is the thousands digit of 192200822?
0
What is the ten thousands digit of 2196027992?
2
What is the tens digit of 100859?
5
What is the ten millions digit of 1199598